 1404/(-21) is divided by 18?
13
Let k(j) = j**2 + 14*j - 33. Let v be k(-9). Let h = v + 108. Calculate the remainder when h is divided by (3 - 5)*38/(-4).
11
Let m(r) = 867*r - 1244. What is the remainder when m(6) is divided by 10?
8
Let f = 160 + -107. Let s = -35 + f. What is the remainder when 69 is divided by s?
15
Suppose -3*u + 19*u - 992 = 0. Let y(v) = 16*v**2 - 2*v. Let c be y(-5). Let o = c - 226. Calculate the remainder when o is divided by u.
60
Let l = -42 - -41. Let u = 5 + l. Suppose -j - 4 - 12 = -4*f, u*f = 5*j. What is the remainder when 7 is divided by f?
2
Suppose -15*c = -42 - 3. Suppose -c*l = -4*i - 71, -4*l + 5*i + 124 = 7*i. What is the remainder when 43 is divided by l?
14
Let f = 2465 + -2451. What is the remainder when 203 is divided by f?
7
Suppose 13*p + 5*p = 118*p - 12100. Suppose 3*x - 97 = 26. Calculate the remainder when p is divided by x.
39
Suppose 19*g = 5*g + 28. Suppose -5*o - 2*p + 246 = -3*p, 2*p + g = 0. Suppose -2*k + 44 = 10. Calculate the remainder when o is divided by k.
15
Let s(r) = 2*r**3 + 23*r**2 + 13*r + 3. Let n be s(-11). Let q = -13 - n. What is the remainder when q is divided by 6?
0
Let d = -8886 - -9569. Calculate the remainder when d is divided by 32.
11
Suppose -m + 10 - 16 = 0. Calculate the remainder when 283 is divided by (-48)/(-2)*(-3)/(9/m).
43
Let y = 31358 + -30994. What is the remainder when y is divided by 80?
44
Let j = 5289 - 4923. What is the remainder when j is divided by 63?
51
Let i(d) = -6*d + 3. Let q be i(-6). Suppose -4*g + 126 = -2*w, 5*g + 39*w - 40*w = 150. What is the remainder when g is divided by 2 + q/3 - 0?
14
Suppose -121*z + 62*z = -53*z - 270. What is the remainder when 7/(-21) + (-1610)/(-6) is divided by z?
43
What is the remainder when (-66)/759 - 3/(138/(-109208)) is divided by 28?
22
Let i = 992 + -122. Calculate the remainder when i is divided by 67.
66
Let n(g) = -1 - 3 - 13*g + 1. Let q(t) = t**2 + 20*t + 95. Let f be q(-11). Calculate the remainder when n(f) is divided by 17.
15
Let z = -6160 - -9036. What is the remainder when z is divided by 24?
20
Let a(c) = 6 - c**3 + 0*c**3 - 11*c - 5 + 16*c**2 + 7. Let r be a(7). Calculate the remainder when r/24 - 1/(-2) is divided by 6.
4
What is the remainder when 95 is divided by (-39)/(-2) - 4/6*6/8?
0
Let z = 6 + -3. Let p(l) = 4*l - 59. Let g be p(16). Suppose 40*x - 36*x - 38 = -3*y, -x = 3*y - g. Calculate the remainder when x is divided by z.
2
Let b = -128 - -44. Let y = -61 - b. Calculate the remainder when ((-132)/14)/(1/(-7)) is divided by y.
20
Suppose -5*p + 1266 = 4*m, -996 = 31*m - 34*m + 4*p. Calculate the remainder when m is divided by 12.
0
Let r = -8916 - -8957. Calculate the remainder when r is divided by 23.
18
Suppose 21*c - 3438 = 2925. Suppose -2*d + 34 = -0*d. What is the remainder when c is divided by d?
14
What is the remainder when (-644662)/(-388) + (-2)/4 is divided by 111?
107
Suppose -32 = 14*b - 16*b. Let o = 300 - 206. What is the remainder when o is divided by b?
14
Let c(b) = -7*b + 18. Let i be c(3). Let v(o) = 2*o**2 + 2*o - 1. Let j be v(-2). Calculate the remainder when 62 is divided by (11/j + i)*24.
14
Let o = 208 - 159. Let a = -11 - -11. Suppose -2*g + 22 + 4 = a. What is the remainder when o is divided by g?
10
What is the remainder when 815 is divided by ((-5265)/(-390))/(-2 - 21/(-6))?
5
Calculate the remainder when (-4)/5*(-6 + (-11)/((-462)/(-2226483))) is divided by 85.
84
Let k = 304 + -18. Let u = -7 + 48. Calculate the remainder when k is divided by u.
40
What is the remainder when 18655 is divided by 13243/76 + (-91)/(-52)?
175
Suppose 15*p + 44 = 120 + 224. What is the remainder when 531 is divided by p?
11
Suppose -9 + 16 + 17 = 6*d. What is the remainder when 2392 is divided by d?
0
Suppose 3*o - 8*o = 2*b - 23, -4*o + b = -34. Let d(r) = 7*r**3 - r**2 - 3*r + 3. Let u be d(2). Let c = o + u. What is the remainder when c is divided by 12?
8
Let y(n) = n**2 - 9*n + 26. Let u be y(6). Suppose -5*l + 61 - u = b, 9 = 3*l. Calculate the remainder when b is divided by 8.
6
Let s(k) = 2*k + 36. Let u(x) = -x - 1. Let a(d) = s(d) + u(d). Calculate the remainder when -2*(476/8)/(-1) is divided by a(-11).
23
Let y(q) = 2*q**2 - 7*q - 199. Let g(t) = -t**3 + 7*t**2 + 7*t - 6. Calculate the remainder when y(-11) is divided by g(7).
34
Suppose 255 = 6*d - 453 + 168. Calculate the remainder when 1708 is divided by d.
88
Let h = -4 - -12. Let x(d) = -2*d**3 - 8*d**2 + 175*d - 120. Calculate the remainder when x(7) is divided by h.
3
Suppose 3 = 4*a + 131. Let f be 2 + -1 + 86/2. Let y = a + f. What is the remainder when 58 is divided by y?
10
Let p(o) = -o**3 + 8*o**2 - 8*o + 2. Suppose 2*l - 2*i = 84, -5*l = -i + 38 - 244. What is the remainder when l is divided by p(6)?
15
Let l be 0 - 2*(4 + -5). Let s = 34 - l. Calculate the remainder when s is divided by 9.
5
Suppose -1759 = -i - 50*b + 47*b, 5*b + 12209 = 7*i. What is the remainder when i is divided by 106?
51
Suppose -522 = -6*v - 228. Calculate the remainder when (-1887)/(-15) + 2/10 is divided by v.
28
Let n = 156955 - 156828. Let m = 85 + -48. What is the remainder when n is divided by m?
16
Suppose -n + 1 - 9 = -5*k, -5*k - 4 = 3*n. Calculate the remainder when 2/(-9) - (-2038)/18 is divided by 1/(-3*k + (-116)/(-38)).
18
Let n be (-4374)/8*8*12/(-36). Suppose 8*j + 74 = n. Calculate the remainder when j is divided by 20.
13
Suppose 4*i = -0*i + 148. Let t = 830 - 425. What is the remainder when 2/15 + 29106/t is divided by i?
35
Let l = 451 - 448. Let d = 59 - -10. Suppose d = l*n - 66. Calculate the remainder when 176 is divided by n.
41
Let b = 1020 + -720. Suppose m + l = 61, m - 4*l + b = 6*m. What is the remainder when 167 is divided by m?
55
Let a(s) = 2*s**2 + 29*s - 31. Let j be a(1). Let n(t) = -7*t - 2. Let b be n(-4). Suppose -r = -j*r - b. Calculate the remainder when 103 is divided by r.
25
Let v = 2777 + 202. Calculate the remainder when v is divided by 10.
9
Let h be (-65)/9 + -1*(-4)/18. Let t(m) = -2*m**3 - 14*m**2 - 5*m + 2. Calculate the remainder when t(h) is divided by 13.
11
Suppose 5*p - 254 = k + 101, 2*p = -k + 142. Calculate the remainder when 348 is divided by p.
64
Let p = 28 - 20. Suppose i - 4*x + 5 = 0, -5 = 3*i - 4*i - x. Suppose -2*m - i = m, -b - 4*m + 3 = 0. Calculate the remainder when p is divided by b.
1
Suppose 0 = 5*i - i - 8. Suppose -1 = 4*k - 21, 28 = i*a - 2*k. Calculate the remainder when a is divided by 8.
3
Let b = -4360 - -4507. What is the remainder when 575 is divided by b?
134
Let b = 39 + 10. Suppose -r + 16 = 11. Suppose 4*f = -0*s - 3*s + 43, -r*f = -5. What is the remainder when b is divided by s?
10
Let g(f) = -2*f + 163. What is the remainder when 1246 is divided by g(67)?
28
Let i(m) = 5*m - 12. Let s = -2135 + 2437. What is the remainder when s is divided by i(4)?
6
Let n = -5641 + 5823. What is the remainder when n is divided by 10?
2
Suppose 33*i - 2*i - 1891 = 0. Suppose -q - 3*k = 1 + 3, 0 = 4*k. Let t = q - -20. What is the remainder when i is divided by t?
13
Let v(u) = 19*u**2 - 1. Suppose 25*r = 30*r - 55. Calculate the remainder when v(1) is divided by r.
7
Suppose 4*x + 3291 = -3*j + 19266, 0 = -7*j - 5*x + 37249. Calculate the remainder when j is divided by 31.
16
Let b be -1*((-63)/(-35))/((-3)/10). Suppose l - 39 = -b. What is the remainder when l is divided by 18?
15
Let w = 49 - 43. Suppose 0 = 2*x + w*a - 2*a - 24, 3*x = -a + 36. Suppose -10 = 5*z - 50. Calculate the remainder when x is divided by z.
4
Let i(k) = -19*k**2 + 386*k - 10. What is the remainder when i(19) is divided by 174?
117
Let t(a) = -15*a + 26. Let u(f) be the second derivative of f**3/2 + 11*f**2 - 33*f. Let o be u(-10). What is the remainder when t(o) is divided by 38?
32
Let z(m) = 11*m - 1645. Let c(u) = u - 411. Let f(v) = 9*c(v) - 2*z(v). Calculate the remainder when 67 is divided by f(-34).
1
Let z be (-1 - -4)/((-96)/(-608)). Suppose z*y - 79 = 18*y. What is the remainder when y is divided by 17?
11
Let l(n) = n + 1. Suppose -3*r - 18 - 6 = 0. Let b be l(r). What is the remainder when 9 is divided by (b + (-2 + 3 - -1))/(-1)?
4
Suppose 476 - 2152 = -4*m + 2*f, 3*f = 5*m - 2094. Let d = -405 + m. What is the remainder when 43 is divided by d?